alculate the greatest common factor of r and 6.
2
Let d = 6 + -4. Calculate the highest common divisor of 1 and d.
1
Let v = 6 + 3. Let t = v - 4. Suppose 0*y + t*y = 120. What is the greatest common divisor of 16 and y?
8
Let j(i) = i - 5. Let q be j(8). Let l be (209/4)/(q/12). What is the greatest common divisor of l and 19?
19
Suppose 214 = 3*z - 4*t, 5*t - 10*t - 286 = -4*z. Calculate the greatest common divisor of 185 and z.
37
Suppose -4*x + 3*d = 8, -13 - 7 = 5*d. Suppose -5*o - 5 = -0*o. Let z = o - x. Calculate the highest common divisor of z and 20.
4
Suppose x - 32 = -3*a, -4*x = a - 0 - 7. Let u = 17 - 12. Suppose 5*n + u*c = 200, 124 = 3*n - c + 3*c. What is the highest common divisor of n and a?
11
Let j(w) = w**3 + w**2 + 16. Let s be j(0). Suppose -3*n + 190 = -2. What is the highest common factor of s and n?
16
Let q = -16 - -27. Calculate the highest common divisor of q and 11.
11
Let k(a) = 8*a**3 - a**2 + 1. Let c be k(1). Let g = c - -32. Let u(s) = -s**3 + 4*s**2 - 1. Let h be u(3). Calculate the highest common divisor of h and g.
8
Let i be (2 - (5 - 2))*-38. What is the highest common divisor of 95 and i?
19
Let i = 125 + -25. Let b = i + 120. Calculate the greatest common divisor of 20 and b.
20
Suppose -5*a + 6 = -3*g, 0 = -g - 2*a + 6 + 3. Suppose -2 = 2*u - g*u. Let h = 85 - 79. Calculate the highest common factor of u and h.
2
Let g = 25 + -17. Let i(y) = 3*y**2 + 3*y + 2. Let k be i(-2). Calculate the greatest common divisor of k and g.
8
Suppose 21*n - 4260 + 1404 = 0. What is the highest common divisor of 8 and n?
8
Suppose 0 = -3*j + 5*j + c + 8, 5*j - 5*c = -5. Let a be 6/9 - 58/j. What is the greatest common factor of a and 8?
4
Let g be (2*-4)/(8 + -9). What is the greatest common factor of g and 12?
4
Suppose -h - 3*h + 12 = -4*w, w - 9 = -5*h. Let t = -11 + 21. What is the highest common divisor of t and h?
2
Let k(s) = 1 + 4 + 4*s + 2*s. Let z be k(4). Let l = 97 - z. Calculate the greatest common divisor of 17 and l.
17
Suppose -4*j + 90 = -2*i, -132 - 3 = -5*j - 2*i. What is the greatest common factor of j and 75?
25
Let j be -7*(-3 - 6/(-3)). Let r(p) = p**2 - 6*p + 5. Let a be r(-6). Calculate the greatest common factor of j and a.
7
Suppose -5*a - 3*z + 42 = 0, 3*a - z - 2*z = 30. What is the greatest common factor of a and 72?
9
Suppose 4*s = 5*s + 10. Let i be (-212)/(-18) - s/45. What is the highest common factor of 8 and i?
4
Let t = 2 - -1. Let z be (23/(-2))/(2/(-4)). Let v = z - t. What is the greatest common factor of 4 and v?
4
Let h(u) = -u**3 + 4*u**2 + 5*u. Let f be h(4). Suppose 0 = 5*l - 0*l + f. Let c be (2/(-4))/(l/48). What is the highest common factor of 24 and c?
6
Let v(c) = c**2 - 4*c - 1. Let z be v(4). Let h be -3 - (-1 + 1/z). Let k be 161 + -2*h/2. Calculate the highest common divisor of k and 18.
18
Suppose 0 = 4*p + 2*f + 71 - 193, f + 1 = 0. Calculate the greatest common factor of p and 217.
31
Suppose 2*b + 17 = a, b - 15 = 4*b - 5*a. Let k be (-44)/(-10) - (-4)/b. What is the greatest common factor of 28 and k?
4
Suppose 5*a + 6 = -4. Let m = a + 11. What is the highest common factor of 9 and m?
9
Suppose -2*u + 117 = 4*c + u, -c + u = -24. Suppose 5*f - 38 = 2*w - 3, -w + 23 = 2*f. Calculate the highest common factor of f and c.
9
Let k = -8 + 31. Calculate the highest common factor of 253 and k.
23
Let n(b) = 12*b**2 - 2*b + 1. Let q be n(1). What is the highest common divisor of 22 and q?
11
Let t be (-2 + 1)*5/(-5). Suppose 0 = 2*n - 4*n. Let j = 3 + n. What is the greatest common factor of j and t?
1
Let o = -1 + 8. Let t(r) = 4*r - 5*r + 2*r + 1. Let p be t(o). What is the highest common divisor of p and 4?
4
Let g = 57 + -44. What is the greatest common factor of 26 and g?
13
Let i(w) = 3*w + 4. Let l be i(-7). Let j = 81 + l. Calculate the greatest common factor of j and 16.
16
Let a(d) = -d**2 - 7*d + 1. Let z = 0 + -3. Let q = -3 + z. Let u be a(q). Calculate the highest common factor of 63 and u.
7
Let p(u) = u**3 + u**2 + 10*u + 9. Let v be p(8). Suppose -10*q + 5*q = -v. What is the greatest common factor of 19 and q?
19
Let r(f) = f**2 + 5*f - 7. Let l(g) = -g**3 - 7*g**2 + 2*g + 7. Let h be l(-7). Let p be r(h). Calculate the highest common factor of 28 and p.
7
Let q be (-132)/10*(-45)/6. What is the highest common divisor of q and 9?
9
Suppose 5*z - 4*r + 0*r = 267, -3 = r. Let p = z - 31. What is the greatest common factor of p and 160?
20
Let z = -30 + 84. Let p = 108 - z. What is the highest common divisor of p and 6?
6
Suppose r + 4*h = 16, 4*h - 20 = -2*r - 0*h. Let m be (-7)/14 - (-13)/2. Calculate the greatest common divisor of r and m.
2
Let s(k) = 50*k. Let p be s(2). What is the highest common factor of 25 and p?
25
Let l = -18 + 20. Suppose -2*v = -4*n + 92, -5*n - v + 64 = -l*n. Calculate the greatest common factor of 33 and n.
11
Let r be 402/(-2 - -5) - 2. Let d be -1 + (-26)/(-2 - 0). Calculate the greatest common divisor of d and r.
12
Let c(d) = -d**2 - 19*d - 35. Let a be c(-16). Calculate the greatest common factor of a and 91.
13
Let o be 18/(-117) + 158/13. Suppose 0 = -3*j + 20 - 5. Suppose -3*d + n = -11, -j*d - 5*n + 5 = -0*n. Calculate the highest common divisor of o and d.
3
Let w(c) = c**3 + 10*c**2 - 6*c - 30. Let i be w(-10). Calculate the greatest common factor of 60 and i.
30
Let u be (3/4 + 0)*120. Let b(w) = -7*w + 1. Let q be b(-5). Calculate the highest common divisor of q and u.
18
Let q be 6/(-4)*(-112)/6. Let j be 140/(-160) - 2/16 - -8. Calculate the greatest common factor of j and q.
7
Let y(p) = p**2 - 6*p - 3. Let r be y(5). Let f = 28 + r. Calculate the highest common divisor of 4 and f.
4
Suppose -3*u + 16 = -32. Let y(v) = -11*v + 2. Let b be y(-2). Calculate the highest common divisor of b and u.
8
Suppose -2*s = -0*s + 4. Let u be s/2*(-2 - 0). What is the highest common factor of 2 and u?
2
Let d be (-4 + 0)/(146/(-48) - -3). Calculate the greatest common divisor of 6 and d.
6
Let z be ((-12)/15)/(2/(-5)). Let p be (-28 + z)*(-1)/2. What is the highest common divisor of 143 and p?
13
Let g = -3 + 13. What is the highest common divisor of 90 and g?
10
Let g be ((-54)/5)/(6/(-30)). What is the greatest common divisor of 36 and g?
18
Let i = 134 + -119. What is the highest common factor of 5 and i?
5
Let h(w) = -w + 4. Let p be h(0). Suppose -p*a + 0*a + 48 = 0. Calculate the greatest common factor of 8 and a.
4
Let y be 1/(-8)*14*-64. Calculate the greatest common factor of 16 and y.
16
Let m be 23 + -1 + 2 + -2. Let x be (-2 - 0)*m/(-4). Calculate the highest common factor of x and 22.
11
Suppose 0 = -4*n - 4*u + 8, 5*u = -10 - 0. Let p be (-8)/12*(-414)/n. Let o = p - 45. What is the greatest common factor of o and 12?
12
Let b = 3 + -5. Let q = 4 - b. Let m(j) = -j + 8. Let d be m(q). What is the highest common factor of 6 and d?
2
Suppose 21 = -3*n - 2*h - 1, 5*n = 4*h. Let t be (-166)/(-6) + n/6. What is the greatest common divisor of 108 and t?
27
Let s(m) = -m**3 + 9*m**2 + 2*m - 10. Let b be s(9). What is the greatest common divisor of b and 72?
8
Let n be (1*2)/((-6)/(-15)). Suppose 4*a + 39 = o + 14, o - a = 10. Calculate the greatest common factor of n and o.
5
Let f(a) = 2*a**3 - 6*a**2 - a + 8. Let c be f(4). Suppose -2*z = -3*i + 67, -i - 4*z - 9 = -c. What is the highest common divisor of i and 161?
23
Let y(d) = d**2 - 6*d - 16. Let p be y(8). Let a be 105*(3 + -2 + p). What is the greatest common factor of a and 42?
21
Let r be 0 - (2 + -2 + -1). Let k be (4 - (0 + r)) + 0. Let b(u) = -u**3 + 5*u**2 - 3*u + 2. Let w be b(k). What is the highest common factor of 44 and w?
11
Suppose 5*b = a + 4*a + 115, -2*b + a + 42 = 0. What is the greatest common divisor of 133 and b?
19
Let h(q) = 38*q**2 + 11*q - 1. Let b(j) = -57*j**2 - 17*j + 2. Let p(x) = 5*b(x) + 8*h(x). Let u be p(-2). What is the highest common divisor of u and 8?
8
Let b = 43 - 36. What is the greatest common factor of b and 7?
7
Let q = 1 - 3. Let y be -6*q/12*-4. Let r = y - -5. What is the highest common divisor of r and 7?
1
Let r(t) = 26*t**2 - 3*t + 4. Let a be r(2). Calculate the greatest common divisor of 34 and a.
34
Suppose z - 7 = -4*o, -5*o + 2 = 4*z - 15. Suppose -5*u = 3*y - 17, 0*y - 4*y + 18 = 2*u. What is the